 -4*i + 36 = -3*i - c, 0 = 3*c - 12. What is the highest common factor of n and i?
5
Let j(d) = 5*d**2 + d + 1. Let a be j(-1). Suppose -a*w + 22 = -38. Let c be w/15*(11 + 4). Calculate the highest common factor of c and 36.
12
Suppose 20 = 3*j + 5. Let p = j + 0. Let r = 4509 - 4459. What is the greatest common divisor of r and p?
5
Let c be 99/2 + 51/34. What is the highest common factor of 119 and c?
17
Suppose 20*k - 29*k + 108 = 0. What is the greatest common factor of 60 and k?
12
Suppose -o + 4*n + 38 = 0, 4*o - n = -2*n + 67. Let g(k) = k + 110. Let c be g(-20). Calculate the greatest common factor of o and c.
18
Let n(m) = 15*m**2 + 2*m - 1. Let y be n(1). Suppose y*f + 6 = 18*f. Calculate the greatest common factor of 21 and f.
3
Let u be 0 + 24 + (1 - 3). Let t(y) = y + 8. Let p be t(-6). What is the highest common divisor of p and u?
2
Let h = -2180 + 2189. Calculate the highest common factor of 603 and h.
9
Let r(f) = -6*f - 4. Let j be r(-4). Let u = -19 + j. Calculate the greatest common divisor of u and 7.
1
Suppose 61 = 2*n + 3. Suppose 19*o + 840 = n*o. What is the highest common factor of 21 and o?
21
Let x be -13 + 12 + 0 + 0 + 31. Let w(t) = 8*t - 4. Let k be w(3). Calculate the highest common factor of x and k.
10
Let l(a) = a**2 + 22*a + 285. Let b be l(-30). Calculate the highest common factor of b and 63.
21
Suppose 2*l - 2*u - 44 = -3*l, 12 = 4*u. Calculate the highest common factor of 35 and l.
5
Let q = -39 + 78. Calculate the greatest common divisor of 351 and q.
39
Let h(c) = 1 - 5 + 5*c + 22. Let g be h(3). Let v(m) = -m**2 - 4*m. Let k be v(-3). Calculate the highest common divisor of g and k.
3
Suppose -30 = -u - 2*u. Let o = 43 - 41. Calculate the greatest common factor of u and o.
2
Suppose -3*k - 1608 = -70*k. Calculate the greatest common divisor of 186 and k.
6
Suppose -4*s - b + 21 = -0*s, s = 2*b + 12. Calculate the greatest common factor of 9 and s.
3
Let j be (-5)/((-70)/(-8)) + 142244/301. What is the greatest common divisor of 413 and j?
59
Let a = 16 - 16. Let p = 1 - a. Let s be 2*p/6*3. What is the greatest common divisor of 5 and s?
1
Suppose 2*j - 4*x - 2 = -3*x, j + 2*x = -4. Suppose j = -4*g + 10 + 14. Suppose 2*z - g*z = -220. What is the greatest common divisor of 5 and z?
5
Let g(w) = -25*w + 3 + 89*w - 2. Let x be g(1). What is the greatest common divisor of x and 13?
13
Suppose -p = 4*a - 12, -p - p = a - 10. Suppose 3*f - 490 = -a*f. Suppose -2*h + 42 = h. What is the highest common factor of f and h?
14
Let u(k) = -4*k**3 + 4*k**2 - 2*k + 4. Let w be u(3). Let p = w + 126. What is the highest common factor of 13 and p?
13
Suppose -2*l - 4*k = -60, -2 = -l + 3*k + 13. Let h be (20/(-12))/((-2)/l). Let m be (-3 + 116/12)*3. What is the highest common divisor of h and m?
20
Suppose -2*x + 74 = 4*h, 4*x - 5*h - 203 = -2*h. What is the greatest common factor of x and 658?
47
Suppose 0 = -60*d + 8388 + 432. What is the greatest common divisor of 3 and d?
3
Let f be 7/((-28)/(-6)) + 101/2. Suppose 2 = -5*p - 8, -2*z - 4*p = -f. What is the greatest common divisor of 6 and z?
6
Let r(d) = -2*d + 10. Suppose -3*j - 6 - 15 = 0. Let p be r(j). Suppose -2*w + 12 = 2*k + 2*w, -4*k = 2*w - 54. What is the greatest common factor of k and p?
8
Let u be (-98)/(-5) - 0 - 2/(-5). Calculate the highest common divisor of u and 8.
4
Let k(r) = r**2 - 2*r + 1. Let d(p) = -p**2. Let q(o) = -6*d(o) + k(o). Let y be q(1). Let u = -62 + 74. What is the greatest common factor of u and y?
6
Suppose -3*j + 4*m + 28 = -0*j, -20 = -3*j + 2*m. Suppose 24 = 2*q + 4*u - j, -44 = -3*q - 5*u. What is the highest common divisor of 144 and q?
18
Let l(p) = -11. Let v be (3 + -5 - 4) + 3. Let w(b) = b - 12. Let q(y) = v*l(y) + 2*w(y). Let x be q(0). Calculate the highest common factor of 45 and x.
9
Suppose t = 5*j + 30, 3*t - 4*j + 83 = 206. Suppose 2*o + 84 = 5*d, -o - 82 = -5*d + 5. Calculate the greatest common factor of d and t.
9
Suppose 5*j + 25 = 2*j + 4*i, -i = -4. Let t be j - 4*-2 - 3. Suppose t*y = 6*y - 120. What is the greatest common factor of y and 45?
15
Let k be 4230/(-8) - 3/(-4). Suppose 5*n + 5 + 5 = 0. Let f be k/(-18)*(n - -5). What is the highest common divisor of 22 and f?
22
Suppose -2*b - 4*k + 38 = -54, 2*b - 2*k - 122 = 0. What is the highest common factor of 32 and b?
8
Suppose a - 126 - 50 = 0. Let h(o) = 7*o**2 + 256*o + 166. Let d be h(-36). What is the greatest common divisor of d and a?
22
Suppose -4*q + 5*q = 0. Suppose -l = -3*t + 210, q*l = -4*t + 4*l + 288. What is the greatest common divisor of t and 46?
23
Suppose 0 = -3*w - 12, -3*y = 5*w - 1760 + 730. Calculate the highest common factor of 50 and y.
50
Suppose 2*l = -5*p - 7, 0 = 3*l - 6*l + 4*p + 24. Suppose 5*f - 226 = l*z - 5*z, 3*f = -z + 228. Calculate the greatest common divisor of 21 and z.
21
Let p be 26/(-65) + (-52)/(-5). Suppose -6*f + 82 = p. Calculate the highest common divisor of f and 4.
4
Let k(q) = 17*q**2 - 28*q + 52. Let w be k(2). What is the greatest common divisor of w and 24?
8
Suppose 798 = 8*g - 2*g. Let m be g - 1*(-2 + 3). What is the highest common factor of m and 12?
12
Suppose 5*d + 0*d = 15, -5*j + 3*d - 19 = 0. Let g = -19 - -11. Let o be (g/12)/(j/33). What is the highest common factor of 55 and o?
11
Let z = 342 + -197. Let n(g) = g**3 - 4*g**2 + 3*g + 4. Let w be n(3). Let d(j) = 8*j - 3. Let r be d(w). Calculate the greatest common divisor of r and z.
29
Suppose -3*c + 5*y + 57 = 0, 2*c - y - 14 = 17. Calculate the highest common divisor of c and 882.
14
Let s = 2 + 1. Suppose 4*j = s*y, 0 = -4*y + 2*y - 3*j. Suppose -t = -2*x - 5*t + 14, y = x + t - 5. Calculate the greatest common divisor of 1 and x.
1
Let l be ((-6)/(-7))/((-89)/(-1869)). Calculate the greatest common divisor of 14 and l.
2
Suppose -2*a - 217 = 5*j, 3*a - 2 - 10 = 0. Let q be j/(-10)*(-40)/(-12). What is the highest common divisor of q and 30?
15
Let w(u) be the third derivative of u**4/24 + 5*u**3/6 + 43*u**2. Let z be w(-3). Calculate the highest common factor of 10 and z.
2
Let g(z) = z**3 + 12*z**2 + 15*z - 1. Let i be g(-3). What is the highest common factor of i and 28?
7
Let m be (16800/225)/((-4)/(-6)). Calculate the highest common divisor of 616 and m.
56
Let p(a) be the second derivative of 0 + 7*a + 7*a**2 + 1/12*a**4 - 11/6*a**3. Let r be p(10). Calculate the greatest common factor of r and 4.
4
Let a(c) = c**2 - 6*c. Let y be a(7). Suppose 3*l - y*l = -24. What is the greatest common divisor of l and 8?
2
Suppose 7*x + 0 = 7. Let p be 171/x*(-190)/(-57). Calculate the greatest common divisor of 57 and p.
57
Let w(z) = -122*z - 225. Let g be w(-2). Calculate the greatest common divisor of 589 and g.
19
Let g(b) = 76*b + 2. Let x be g(2). Let i = -109 + x. Let p be 4/6*15/2. What is the greatest common factor of p and i?
5
Suppose 2*f + 3 = s - 33, -4*s + 135 = f. Calculate the greatest common divisor of s and 221.
17
Let u(n) = n**3 + 17*n**2 - 19*n - 5. Let q be u(-18). Let k(z) = 35*z**2 - z + 1. Let g be k(-2). Calculate the greatest common factor of g and q.
13
Let g = 8074 + -5334. What is the highest common factor of g and 20?
20
Let q(c) = 104*c + 1. Let a be q(1). Suppose 40 = 4*x - 4*f, 5*f - 15 = -3*x + 7. Let n = 24 - x. Calculate the greatest common factor of n and a.
15
Suppose -2*g + 40 = -6*g. Let o be 0 + g - (0 + -1). Let z be o/(1 + (-10)/4). Calculate the highest common factor of z and 54.
6
Let n = 11 - 5. Let d(t) = t + 5 - n - 6*t. Let i be d(-8). What is the highest common factor of i and 13?
13
Suppose 297*p = 346*p - 1470. Calculate the highest common factor of 690 and p.
30
Let g = 227 + -223. Suppose -3*h + s + 4*s = -3, -5 = -5*h - 4*s. Calculate the highest common divisor of h and g.
1
Let h be 280/12 - 2/(-3). Suppose -5*j + 6 = -h. Suppose -4*i = 2*u - 36, -u + 2*u + j = 4*i. Calculate the greatest common divisor of u and 25.
5
Suppose 18 = z - 10. Let i be -63*(-25*(-5)/75 - (0 - -2)). Calculate the greatest common factor of z and i.
7
Let p(r) = -48*r**3. Let x be p(-1). What is the highest common divisor of 30 and x?
6
Let q = -82 + 57. Let w be 88/(-10)*q/2. Calculate the greatest common factor of w and 10.
10
Suppose 0 = -19*j + 24*j + 4*i - 355, -3*j + 235 = -2*i. What is th